 25 a factor of 1317348?
False
Is 13797000 a multiple of 365?
True
Is 137950 a multiple of 62?
True
Is 333 a factor of 190809?
True
Is 74 a factor of 1889043?
False
Does 14 divide 20678?
True
Does 149 divide 111899?
True
Is 5 a factor of 232350?
True
Is 32 a factor of 615608?
False
Is 2 a factor of 11256?
True
Is 1248049 a multiple of 253?
True
Does 50 divide 1258417?
False
Is 112 a factor of 570413?
False
Is 1005480 a multiple of 342?
True
Is 180621 a multiple of 26?
False
Does 4 divide 598564?
True
Does 49 divide 629941?
False
Is 8711693 a multiple of 37?
False
Does 4 divide 538299?
False
Is 17348 a multiple of 9?
False
Does 85 divide 5475?
False
Does 22 divide 2494822?
True
Is 184730 a multiple of 54?
False
Is 1679793 a multiple of 9?
False
Does 21 divide 217850?
False
Is 12 a factor of 10397?
False
Is 83983 a multiple of 4?
False
Is 34980 a multiple of 12?
True
Is 84660 a multiple of 15?
True
Does 64 divide 760576?
True
Is 24821855 a multiple of 299?
False
Is 5 a factor of 343455?
True
Does 207 divide 4141242?
True
Is 15424155 a multiple of 28?
False
Is 13 a factor of 38497?
False
Is 7827846 a multiple of 78?
True
Is 213642 a multiple of 117?
True
Is 94286 a multiple of 3?
False
Is 3 a factor of 24420?
True
Is 142 a factor of 4149?
False
Does 51 divide 989268?
False
Is 113 a factor of 923097?
True
Is 8647040 a multiple of 1888?
True
Does 22 divide 1833463?
False
Is 815 a factor of 4446640?
True
Is 68881 a multiple of 2?
False
Does 461 divide 5036886?
True
Is 22 a factor of 441489?
False
Is 455546 a multiple of 161?
False
Is 119 a factor of 169256?
False
Does 24 divide 2190552?
True
Is 1632015 a multiple of 63?
True
Is 683 a factor of 527959?
True
Does 91 divide 3706648?
False
Is 13 a factor of 1492706?
False
Does 520 divide 795625?
False
Does 203 divide 15496232?
False
Is 101568 a multiple of 46?
True
Is 28 a factor of 279999?
False
Is 176 a factor of 606619?
False
Does 175 divide 4110764?
False
Does 428 divide 2018882?
False
Is 809 a factor of 1376986?
False
Is 140261 a multiple of 55?
False
Is 163 a factor of 133823?
True
Is 4703092 a multiple of 9?
False
Does 14 divide 29596?
True
Is 262 a factor of 2275470?
True
Does 216 divide 8780400?
True
Is 810529 a multiple of 53?
True
Is 8 a factor of 21438?
False
Is 574437 a multiple of 277?
False
Is 30005764 a multiple of 1260?
False
Is 910118 a multiple of 82?
True
Is 149905 a multiple of 5?
True
Is 1084783 a multiple of 434?
False
Is 10 a factor of 232940?
True
Is 28 a factor of 33292?
True
Does 2 divide 1584952?
True
Is 124745 a multiple of 38?
False
Is 52 a factor of 3270280?
True
Is 1790568 a multiple of 104?
True
Is 3334760 a multiple of 220?
True
Is 240 a factor of 387840?
True
Does 244 divide 1525681?
False
Is 150279 a multiple of 13?
False
Does 626 divide 1042290?
True
Is 118 a factor of 52580?
False
Does 5 divide 501885?
True
Does 1671 divide 9845532?
True
Is 113 a factor of 629749?
True
Is 262445 a multiple of 5?
True
Is 528631 a multiple of 7?
False
Is 1161822 a multiple of 10?
False
Does 120 divide 2487526?
False
Is 16 a factor of 197632?
True
Is 1085250 a multiple of 30?
True
Is 3 a factor of 528331?
False
Is 524088 a multiple of 8?
True
Is 62432 a multiple of 11?
False
Does 11 divide 8808107?
True
Does 38 divide 367151?
False
Does 138 divide 134909?
False
Does 93 divide 5708340?
True
Is 62335 a multiple of 98?
False
Is 543 a factor of 2462531?
False
Is 9 a factor of 25105?
False
Is 3 a factor of 2651934?
True
Is 30 a factor of 148593?
False
Is 2279115 a multiple of 45?
True
Does 365 divide 104677?
False
Is 309837 a multiple of 68?
False
Is 59 a factor of 52451?
True
Does 93 divide 2066460?
True
Is 33803583 a multiple of 322?
False
Is 2170 a multiple of 50?
False
Is 17 a factor of 43427?
False
Is 232 a factor of 222568?
False
Is 2819569 a multiple of 159?
False
Is 258 a factor of 2516432?
False
Is 57 a factor of 42306076?
False
Does 349 divide 342986?
False
Is 260 a factor of 279376?
False
Is 19 a factor of 80959?
True
Does 84 divide 7217112?
True
Does 128 divide 110080?
True
Does 956 divide 1678019?
False
Is 249568 a multiple of 22?
True
Does 18 divide 287784?
True
Is 44124 a multiple of 80?
False
Is 114808 a multiple of 153?
False
Is 7 a factor of 68075?
True
Is 160 a factor of 16184802?
False
Does 9 divide 1736028?
True
Is 7497 a multiple of 49?
True
Is 6 a factor of 556104?
True
Is 12 a factor of 69581?
False
Is 42362 a multiple of 4?
False
Does 481 divide 1129869?
True
Is 575920 a multiple of 460?
True
Does 40 divide 184191?
False
Does 20 divide 745440?
True
Is 1217610 a multiple of 90?
True
Is 108279 a multiple of 227?
True
Does 171 divide 418095?
True
Is 14 a factor of 378794?
False
Is 494 a factor of 17006444?
True
Is 5031740 a multiple of 11?
False
Is 3 a factor of 265632?
True
Does 17 divide 776135?
True
Does 20 divide 653180?
True
Is 1109829 a multiple of 22?
False
Does 17 divide 84897?
False
Is 228 a factor of 17556?
True
Is 2166395 a multiple of 85?
True
Is 20 a factor of 2201782?
False
Is 2883507 a multiple of 59?
True
Is 14620 a multiple of 20?
True
Does 2 divide 1072770?
True
Does 8 divide 2280323?
False
Does 6 divide 784824?
True
Is 93 a factor of 1556712?
False
Is 541 a factor of 2550274?
True
Does 21 divide 408261?
True
Is 138 a factor of 900312?
True
Does 7 divide 3239529?
False
Does 1094 divide 10139800?
False
Is 12094823 a multiple of 1213?
True
Is 29 a factor of 2285704?
False
Is 145188 a multiple of 12?
True
Does 56 divide 1970016?
False
Does 123 divide 1974475?
False
Does 294 divide 6643961?
False
Does 2 divide 12748?
True
Does 14 divide 4679385?
False
Is 2747250 a multiple of 90?
True
Does 604 divide 7283032?
True
Is 19431652 a multiple of 916?
False
Is 57 a factor of 703095?
True
Is 2400070 a multiple of 10?
True
Is 163968 a multiple of 448?
True
Is 645012 a multiple of 228?
True
Is 162595 a multiple of 31?
True
Is 6 a factor of 7824?
True
Is 237575 a multiple of 325?
True
Is 27397 a multiple of 17?
False
Does 94 divide 49256?
True
Is 360 a factor of 435924?
False
Is 302 a factor of 3285428?
False
Is 2 a factor of 305687?
False
Does 55 divide 633435?
True
Does 108 divide 1602936?
True
Is 2551729 a multiple of 19?
False
Does 51 divide 54105?
False
Is 89 a factor of 334551?
True
Is 46 a factor of 9753?
False
Does 643 divide 64300?
True
Is 44 a factor of 63589?
False
Does 326 divide 337736?
True
Is 799 a factor of 5109418?
False
Is 27 a factor of 2824632?
True
Does 59 divide 1426897?
False
Does 154 divide 23870?
True
Is 258605 a multiple of 21?
False
Does 7 divide 2357?
False
Is 243 a factor of 10471510?
False
Is 728190 a multiple of 87?
True
Does 344 divide 34317?
False
Is 9 a factor of 3965373?
True
Does 5 divide 5888962?
False
Is 2392234 a multiple of 13?
True
Does 3 divide 777861?
True
Does 10 divide 167394?
False
Does 3 divide 103152?
True
Is 259532 a multiple of 52?
True
Does 40 divide 138040?
True
Does 36 divide 460803?
False
Is 10 a factor of 1907990?
True
Is 24 a factor of 1415003?
False
Does 7 divide 36005?
False
Does 9 divide 107748?
True
Is 405360 a multiple of 72?
True
Does 338 divide 317637?
False
Is 25 a factor of 3679521?
False
Does 32 divide 1089984?
True
Is 17 a factor of 5134?
True
Is 668529 a multiple of 114?
False
Is 71526 a multiple of 94?
False
Is 76 a factor of 9537580?
False
Does 429 divide 105534?
True
Does 185 divide 19772?
False
Does 140 divide 1974140?
True
Is 1302864 a multiple of 24?
True
Does 231 divide 261471?
False
Is 970915 a multiple of 376?
False
Is 2168 a factor of 14810118?
False
Is 15 a factor of 2321635?
False
Is 600875 a multiple of 95?
True
Is 16830814 a multiple of 26?
True
Does 7 divide 96586?
True
Is 17 a factor of 11247?
False
Is 152 a multiple of 152?
True
Is 18 a factor of 4484034?
True
Does 273 divide 762762?
True
Is 21 a factor of 440283?
False
Is 73 a factor of 60809?
True
Does 48 divide 308141?
False
Is 42204 a multiple of 256?
False
Does 26 divide 1534858?
True
Is 2716385 a multiple of 17?
False
Is 14 a factor of 236638?
False
Is 132 a factor of 1655544?
True
Is 37 a factor of 1383103?
False
Does 302 divide 267270?
True
Does 23 divide 2363121?
False
Is 55 a factor of 106095?
True
Is 3 a factor of 415708?
False
Is 15 a factor of 485632?
False
Does 6 divide 42732?
True
Does 361 divide 76199?
False
Doe